the prime factors of t?
3
Let i(h) = 4 - 1 - h**2 - 4*h + 0*h**2 + 2*h**2. Let x be i(3). Suppose q + x + 2 = 0, 21 = 5*c - 3*q. List the prime factors of c.
3
Let o(z) = -z. Let m(p) = -p. Let l(w) = -3*m(w) + 5*o(w). List the prime factors of l(-2).
2
Let s = -10 - -14. Suppose -f + 44 = -2*x, 127 = 3*f - s*x - x. What are the prime factors of f?
2, 17
Suppose -5*n - 4*w = -299, -4*n + 240 = -3*w + 7*w. What are the prime factors of n?
59
Suppose 0*f - f = -4. Suppose 4 = 2*b - 0*b, 8 = f*s + 4*b. Suppose s = 5*d - 23 - 7. What are the prime factors of d?
2, 3
Suppose 52 = 3*t + t. Let x = 8 - t. List the prime factors of x/2*4/(-5).
2
Suppose 146 = 4*k + 2*h, -3*k = -4*h - 54 - 28. List the prime factors of k.
2, 17
Suppose -2*c - 1 = -5. Let h = -33 - -27. List the prime factors of c/h + (-62)/(-6).
2, 5
Suppose -2*d = -3*d + 15. Suppose 53 = 2*z + d. What are the prime factors of z?
19
Let a = -5 + 6. Suppose -2*f + 4*k = -6, 2*f - k = -5 - a. Let o = 8 - f. What are the prime factors of o?
13
Let o(s) = s**2 - 3*s - 8. List the prime factors of o(12).
2, 5
Let m = 41 + 13. What are the prime factors of m?
2, 3
What are the prime factors of ((-9)/((-162)/588))/(2/6)?
2, 7
Let b(o) = 5*o + 4 - 13 - 6*o. Let s be b(9). Let y = -8 - s. What are the prime factors of y?
2, 5
Suppose -55 = -4*q - q. Let s(n) = 9*n**3 - 10*n**2 + 3*n - 17. Let j(r) = 5*r**3 - 5*r**2 + r - 9. Let x(z) = q*j(z) - 6*s(z). List the prime factors of x(-6).
3
Suppose 3*z = -19 + 7. List the prime factors of (26 + z)*(-1 + 2).
2, 11
Suppose 0 = -3*l - 0*k + 3*k, -4 = 3*l - 5*k. Suppose 2*i + 3*h - l - 35 = 0, 3*h - 97 = -5*i. What are the prime factors of i?
2, 5
Let r(w) = -w - 7. What are the prime factors of r(-15)?
2
Let u = 3 - 3. Let b = 2 + u. List the prime factors of b.
2
List the prime factors of 574/6 - (-2)/6.
2, 3
Let j = 3 + -1. Suppose y = -y + j. Let w = y + 2. List the prime factors of w.
3
Let y = -72 - -147. Suppose 4*z + 26 = 4*o + 86, -2*o + y = 5*z. What are the prime factors of z?
3, 5
Let k be (27/6)/(2/4). Suppose 24 = 3*n - k. What are the prime factors of n?
11
Let i = -183 + 402. List the prime factors of i.
3, 73
Let m(g) be the third derivative of g**5/30 + g**4/12 - 3*g**2. Let y be 1/(-2*1/6). What are the prime factors of m(y)?
2, 3
Let q(z) = -z + 10. Let d be q(7). Suppose l = 4*l + d. List the prime factors of (0 - l)/((-2)/(-6)).
3
Let d(z) = -z**3 - z**2 - z + 22. Let r be 2*(-3)/12*0. Let k be d(r). Let b = k + -11. What are the prime factors of b?
11
Let j(z) = z**3 + 5*z**2 - 3. Let y be j(-5). Let c be (y/(-6))/(2/12). Suppose -c*l = 3*d - 9, 0*l - 3*l = d - 13. What are the prime factors of l?
5
Suppose -13 = -3*w + 95. List the prime factors of w.
2, 3
Let m = 0 + -3. List the prime factors of 3/(-2 - 1) - m.
2
List the prime factors of 5994/30 + (-8)/10.
199
Let g(q) = 3 - q**2 - 2 - 9 - 11*q. What are the prime factors of g(-9)?
2, 5
Let q = 142 + -11. What are the prime factors of q?
131
Let k(n) be the first derivative of n**3/3 + n**2/2 + 1. Let i be k(-1). Suppose 4*d + d - 70 = i. List the prime factors of d.
2, 7
Suppose 0 = -5*p - 4*o + 398, 3*p + 4*o = -0*p + 234. List the prime factors of p.
2, 41
Let k(n) = n**3 + 8*n**2 - 2*n - 10. Let s be k(-8). Suppose y + i - 10 = 0, -3*i - i - 2 = -3*y. What are the prime factors of 13 - y*(-3)/s?
2
Suppose -2*p - 2 + 0 = 0. Let r be -10*((-13)/5 - p). Suppose 5*o + 2*v - 6 = 0, 3*o - 4*v - v - r = 0. What are the prime factors of o?
2
Suppose 0 = 3*o + 15, 3*a - 5*o = -2*a + 35. Let i(q) = 4*q**3 + 6*q**2 + a - 3*q**3 + 5 - 2 + 6*q. List the prime factors of i(-4).
13
Suppose 2*v + 4*j = -14, -v + 3*j + 8 = 2*j. Let z = 28 - v. What are the prime factors of z?
5
Let i(q) = q**3 + 14*q**2 - 6*q - 19. Let r be i(-14). Suppose 5*w - 7*j + 3*j = r, -2*w + 5*j + 43 = 0. List the prime factors of w.
3
Suppose 5 = 2*q + 1. Suppose -2*a - q = -0*a. List the prime factors of (a*2)/(1/(-3)).
2, 3
Let h(v) = 4*v**2 + v + 2. What are the prime factors of h(2)?
2, 5
Let x(z) = -z**3 - 5*z**2 + 6*z + 2. Let i be x(-6). Let m be (-1)/i*(-4)/1. Suppose -q + m = -5. List the prime factors of q.
7
Let t(x) be the first derivative of 3*x**2 - 6*x + 3. List the prime factors of t(9).
2, 3
Suppose 20 = -4*g + 64. Suppose i - 3 = g. Let j = i + -7. What are the prime factors of j?
7
Suppose 11*u - 300 = 5*u. What are the prime factors of u?
2, 5
Suppose f + 0*f - 18 = -h, -h + 2*f = -12. Let y = 34 - h. Suppose 4*c = 4*a - 40, 5*c - y - 9 = -2*a. What are the prime factors of a?
11
Let i(k) = -k**2 - 10*k - 1. List the prime factors of i(-7).
2, 5
Let a(d) = 13*d - 16. Let t(x) = 3*x - 4. Let b(z) = 2*a(z) - 9*t(z). Let v be b(0). Suppose m - 4 = v. What are the prime factors of m?
2
Let d = 3 + -1. Let l = 0 + d. Let x = l + 0. What are the prime factors of x?
2
Let u(q) = -q**3 + 6*q**2 + q - 4. Let m be u(6). Suppose -4*l = -11 - 9, 3*h - 5*l = 140. Suppose 0 = 3*z + m*z - h. List the prime factors of z.
11
Suppose 4*o - 40 - 352 = 0. List the prime factors of o.
2, 7
Let b(w) = 1. Let v(u) = -17*u - 3. Let n(d) = -4*b(d) - v(d). List the prime factors of n(1).
2
Let i = 88 - 172. Let f be (1 - (-3)/9)*i. List the prime factors of f/(-12)*(-6)/(-4).
2, 7
Let n = 74 - 37. List the prime factors of n.
37
Let m(y) = y**3 + 2*y**2 - 2*y - 2. Let q be m(2). Suppose 0*s - s + q = 0. List the prime factors of s.
2, 5
Suppose -5*c + 9 = -4*a, -18 = 2*c - 4*c - 2*a. Suppose 3*j - p - 15 = 0, 0 = -2*j + p + 4 + c. What are the prime factors of j?
2, 3
Let f(h) = h - 3. Let y be (1/(-2))/(5/90). Let g = y + 15. What are the prime factors of f(g)?
3
Let c = -21 + 34. What are the prime factors of c?
13
Suppose 5*i = -v + 65, -5*i - 3*v + 75 = -0*i. Let t = i - 10. List the prime factors of t.
2
Let u = 732 - 506. List the prime factors of u.
2, 113
Let s(r) = 9*r - 1. What are the prime factors of s(11)?
2, 7
Let v = 35 - 11. List the prime factors of v.
2, 3
Let g be 12*(-2 - (-15)/12). Let r = -14 - g. Let q = 8 - r. List the prime factors of q.
13
Suppose 3*o = -5*n + 8, -10 = -8*o + 3*o - 5*n. Let j = -27 - -44. Suppose -j + o = -4*l. What are the prime factors of l?
2
Suppose 6*m - 2*m - 24 = 0. List the prime factors of m.
2, 3
Let h(z) be the first derivative of -z**2/2 + 2*z + 3. Let m be h(2). Suppose m = -4*j + 16. What are the prime factors of j?
2
Let n = -19 - -24. Suppose 43 = n*s - 117. What are the prime factors of s?
2
Suppose 4*k - 10 = -k. Let y be (1 + -7)*(-9)/6. Suppose 0 = m - j - y, 5*j - 13 = -m + k*j. What are the prime factors of m?
2, 5
Let o be 2*1/(-2) + 1. List the prime factors of (22 + (-3 - o))/1.
19
Let g = 19 + 3. List the prime factors of g.
2, 11
Let b(p) be the first derivative of 4*p**3/3 - p - 3. Let c be b(2). Suppose 0 = -5*a + c, 3*a - 15 = 4*u - 50. What are the prime factors of u?
11
Suppose 0*c + 2*p = -5*c - 50, -2*p = c + 18. List the prime factors of -4*(38/c - -2).
11
Suppose 5*u - 450 = -3*f + 225, -u + 107 = -5*f. Suppose -42 = -4*m - 3*s + 58, 5*m = -2*s + u. What are the prime factors of m?
2, 7
List the prime factors of 0/(-2) + (-48)/(-5 - -1).
2, 3
Let m be 1*(-5)/((-15)/6). Suppose -2*p = h + 1, 2*p - 4*p - m*h - 6 = 0. List the prime factors of p.
2
Let b = -1 + 0. Let z be (b*5 + 0)*-1. Suppose 0 = z*a - 57 - 3. List the prime factors of a.
2, 3
Suppose 3*r + 1 - 6 = 2*w, 5*w - 50 = -5*r. Let k be (-6)/5*15/(-6). Suppose k*p - r - 22 = 0. List the prime factors of p.
3
Suppose 0 = 4*j + 13 - 69. List the prime factors of j.
2, 7
Let b be (5 - -1)/(6/(-4)). Let w = b + 6. What are the prime factors of (20/(-16))/(w/(-8))?
5
Let z(u) = -u**3 + 8*u**2 - 6*u + 6. List the prime factors of z(7).
13
Let k = 3 - -23. Suppose -3*x = -x - k. List the prime factors of x.
13
Let r = 28 + 28. What are the prime factors of r?
2, 7
Suppose 7*y = 9*y - 50. Suppose -5*n = 2*h - y, -4*n + 2*h = -23 + 3. Suppose -5 = -5*w + n. List the prime factors of w.
2
Suppose -j + 54 = -3*b, 4*j + 0*j - 5*b - 202 = 0. List the prime factors of j.
2, 3
Suppose 4*o = 10*o - 600. What are the prime factors of o?
2, 5
Let j(l) = l**3 - 10*l**2 + 6*l + 8. Let r be j(9). Let u = 39 + r. What are the prime factors of u?
2, 5
Suppose -16 = -5*i + i. Suppose -i*p + 0*p = -32. 